te the highest common factor of 4976 and 49336.
8
What is the highest common factor of 49 and 58012619?
49
Calculate the highest common divisor of 37341 and 8894073.
1383
What is the greatest common factor of 3399913 and 2959?
11
What is the highest common factor of 828661315 and 10?
5
Calculate the highest common divisor of 2520 and 7570605.
105
Calculate the highest common factor of 282489330 and 130.
10
What is the greatest common divisor of 2108 and 413372?
68
What is the greatest common factor of 637 and 8651656?
13
What is the highest common divisor of 16811184 and 5655?
1131
What is the greatest common divisor of 69453855 and 30?
15
Calculate the greatest common factor of 1079 and 68521729.
83
What is the highest common divisor of 1663776 and 6213?
327
Calculate the highest common divisor of 59608 and 8312.
8
What is the greatest common divisor of 21 and 40997397?
21
Calculate the greatest common factor of 1612312 and 51208.
296
What is the highest common divisor of 693 and 4441283?
77
Calculate the greatest common factor of 15816965 and 471.
157
What is the highest common divisor of 84056756 and 112?
28
What is the greatest common factor of 312739856 and 2332?
2332
Calculate the highest common factor of 126314 and 11986.
922
Calculate the greatest common factor of 485619458 and 3226.
3226
What is the greatest common factor of 1908 and 5603856?
12
Calculate the highest common factor of 465015757 and 4372.
1093
What is the highest common factor of 40448 and 3607456?
2528
What is the greatest common divisor of 60112556 and 19362?
6454
Calculate the greatest common factor of 1600 and 92139875.
25
What is the greatest common divisor of 25887845 and 2425?
485
Calculate the highest common factor of 2177705480 and 33438.
11146
What is the greatest common divisor of 2601321 and 304527?
3669
Calculate the greatest common divisor of 1142 and 2803713922.
1142
What is the highest common divisor of 45510 and 48585?
615
Calculate the highest common divisor of 417497850 and 35.
35
What is the greatest common divisor of 300 and 8925500?
100
What is the greatest common divisor of 238 and 262288971?
119
Calculate the highest common factor of 19396 and 347698.
26
Calculate the highest common factor of 53262 and 91278.
198
Calculate the highest common factor of 16733246 and 89.
89
What is the greatest common divisor of 15 and 18379695?
15
What is the highest common divisor of 5444 and 2116?
4
What is the highest common factor of 57891 and 2507?
23
Calculate the greatest common factor of 585514 and 13294.
578
Calculate the greatest common divisor of 214839 and 75.
3
Calculate the greatest common factor of 19801080 and 468.
468
Calculate the greatest common factor of 155617 and 112849.
11
What is the greatest common divisor of 1000 and 3451750?
250
What is the highest common factor of 128 and 28916208?
16
What is the greatest common factor of 2893527 and 42?
21
What is the greatest common divisor of 2824 and 4933175?
353
What is the highest common divisor of 225 and 178072515?
45
Calculate the highest common divisor of 143522009 and 2803.
2803
What is the greatest common factor of 6821 and 6269935?
359
Calculate the greatest common factor of 10472153 and 5083.
391
Calculate the highest common factor of 1722295 and 2577.
859
Calculate the highest common divisor of 158 and 16331.
1
Calculate the greatest common factor of 277375 and 3170.
1585
Calculate the greatest common factor of 6048 and 4826696.
56
What is the highest common factor of 21192591 and 2737?
2737
Calculate the highest common divisor of 2133 and 158799717.
2133
Calculate the greatest common factor of 9317742 and 34440.
1722
What is the highest common divisor of 2888040 and 33?
3
Calculate the greatest common divisor of 10417872 and 306.
102
Calculate the greatest common divisor of 32819241 and 7917.
273
Calculate the highest common factor of 85 and 227477.
17
What is the highest common divisor of 236 and 120778369?
59
Calculate the greatest common divisor of 744473 and 72967.
131
Calculate the greatest common factor of 312 and 7392684.
156
Calculate the highest common divisor of 24368253 and 1001.
91
Calculate the greatest common divisor of 8041 and 324071.
187
Calculate the greatest common factor of 538376 and 21.
1
Calculate the highest common factor of 168797 and 2394277.
943
Calculate the highest common divisor of 5876 and 514436.
52
What is the greatest common factor of 20304 and 2088?
72
Calculate the greatest common divisor of 40 and 395471888.
8
Calculate the highest common divisor of 2015 and 5008835.
65
What is the highest common factor of 224075 and 139050?
25
What is the highest common divisor of 12236040 and 87330?
1230
What is the greatest common factor of 9 and 28837707?
3
What is the greatest common factor of 45 and 31281345?
45
What is the greatest common divisor of 293303 and 95?
19
Calculate the greatest common divisor of 60995074 and 28.
14
Calculate the highest common divisor of 7612 and 265370236.
692
What is the highest common factor of 184295 and 180699?
899
Calculate the highest common factor of 21413 and 2194177.
437
Calculate the greatest common divisor of 141037 and 20007.
247
What is the greatest common factor of 49491 and 81729?
81
What is the greatest common divisor of 812050204 and 84?
28
What is the greatest common factor of 9534 and 27538?
14
Calculate the highest common factor of 398 and 138372859.
199
Calculate the greatest common divisor of 470676 and 30012.
732
What is the greatest common factor of 154 and 1893934?
14
Calculate the highest common factor of 1578157 and 35.
7
Calculate the greatest common factor of 3850 and 4758950.
350
Calculate the highest common factor of 650 and 148863.
13
Calculate the greatest common divisor of 1215 and 12041055.
405
Calculate the highest common factor of 344102208 and 216.
24
What is the greatest common factor of 4784 and 7255856?
368
What is the highest common divisor of 1135 and 3195675355?
1135
What is the highest common factor of 10182782 and 5138?
734
What is the greatest common factor of 2887313 and 7381?
671
What is the highest common factor of 3413920 and 48640?
3040
Calculate the greatest common factor of 33885 and 266329323.
6777
What is the greatest common divisor of 1054 and 51714?
34
Calculate the highest common divisor of 1432 and 201221060.
716
What is the highest common divisor of 2580 and 208636?
172
What is the highest common divisor of 31778578 and 52?
26
Calculate the highest common divisor of 987860 and 140.
20
What is the highest common factor of 1404 and 67129236?
108
Calculate the greatest common factor of 45 and 48596820.
15
What is the greatest common factor of 4517094 and 8833?
73
Calculate the greatest common factor of 9499 and 10022271.
413
Calculate the highest common divisor of 8320 and 98328320.
640
What is the highest common factor of 8231 and 2004413120?
8231
What is the highest common factor of 9891 and 477610014?
3297
Calculate the greatest common divisor of 506312 and 42712.
152
Calculate the greatest common factor of 6 and 12676050.
6
What is the highest common divisor of 6 and 7813692?
6
Calculate the greatest common factor of 1550 and 869600.
50
What is the highest common factor of 23 and 2812204503?
23
Calculate the highest common factor of 48501 and 3874929.
51
Calculate the highest common divisor of 16569 and 37346.
263
Calculate the highest common divisor of 7062146 and 754.
26
What is the highest common factor of 16335 and 8186805?
1485
What is the greatest common divisor of 19474 and 727493?
1391
What is the greatest common divisor of 71222 and 436892?
478
What is the highest common divisor of 39017 and 3839?
11
Calculate the greatest common factor of 2860 and 19896305.
715
Calculate the greatest common factor of 853988 and 20952.
388
What is the greatest common divisor of 3077 and 224224067?
3077
Calculate the highest common divisor of 851875 and 5771.
29
What is the greatest common factor of 132287155 and 910?
455
Calculate the highest common factor of 30 and 5196830.
10
What is the greatest common factor of 74837546 and 1148?
574
What is the highest common factor of 756129 and 85668?
363
Calculate the highest common divisor of 2322103 and 28.
7
What is the highest co